77 is divided by 254?
15
Calculate the remainder when 717 is divided by 60.
57
What is the remainder when 628 is divided by 30?
28
Calculate the remainder when 121 is divided by 30.
1
Calculate the remainder when 643 is divided by 152.
35
What is the remainder when 921 is divided by 153?
3
Calculate the remainder when 33 is divided by 13.
7
Calculate the remainder when 61 is divided by 49.
12
Calculate the remainder when 6555 is divided by 79.
77
What is the remainder when 1053 is divided by 433?
187
Calculate the remainder when 631 is divided by 223.
185
What is the remainder when 72 is divided by 37?
35
Calculate the remainder when 179 is divided by 19.
8
Calculate the remainder when 4522 is divided by 25.
22
Calculate the remainder when 1294 is divided by 256.
14
Calculate the remainder when 138 is divided by 32.
10
What is the remainder when 389 is divided by 89?
33
What is the remainder when 48 is divided by 5?
3
Calculate the remainder when 3488 is divided by 870.
8
Calculate the remainder when 104 is divided by 41.
22
What is the remainder when 7 is divided by 1?
0
What is the remainder when 169 is divided by 20?
9
What is the remainder when 1636 is divided by 12?
4
What is the remainder when 197 is divided by 113?
84
What is the remainder when 268 is divided by 13?
8
What is the remainder when 66093 is divided by 81?
78
Calculate the remainder when 153 is divided by 42.
27
Calculate the remainder when 106 is divided by 78.
28
What is the remainder when 17 is divided by 16?
1
Calculate the remainder when 1000 is divided by 10.
0
What is the remainder when 1111 is divided by 338?
97
What is the remainder when 21451 is divided by 62?
61
Calculate the remainder when 52 is divided by 7.
3
Calculate the remainder when 425 is divided by 7.
5
Calculate the remainder when 46 is divided by 4.
2
Calculate the remainder when 33 is divided by 21.
12
What is the remainder when 1725 is divided by 212?
29
What is the remainder when 718 is divided by 314?
90
Calculate the remainder when 181 is divided by 45.
1
Calculate the remainder when 161 is divided by 63.
35
What is the remainder when 2400 is divided by 65?
60
Calculate the remainder when 780 is divided by 258.
6
Calculate the remainder when 3839 is divided by 96.
95
Calculate the remainder when 1592 is divided by 29.
26
What is the remainder when 1022 is divided by 25?
22
What is the remainder when 1671 is divided by 791?
89
Calculate the remainder when 168 is divided by 93.
75
What is the remainder when 845 is divided by 56?
5
What is the remainder when 7067 is divided by 15?
2
Calculate the remainder when 11829 is divided by 51.
48
Calculate the remainder when 49 is divided by 13.
10
Calculate the remainder when 1046 is divided by 335.
41
Calculate the remainder when 8949 is divided by 54.
39
What is the remainder when 4414 is divided by 69?
67
Calculate the remainder when 1250 is divided by 38.
34
Calculate the remainder when 13 is divided by 9.
4
Calculate the remainder when 1050 is divided by 514.
22
Calculate the remainder when 213 is divided by 60.
33
Calculate the remainder when 1974 is divided by 633.
75
What is the remainder when 334 is divided by 114?
106
What is the remainder when 352 is divided by 126?
100
Calculate the remainder when 271 is divided by 4.
3
Calculate the remainder when 13259 is divided by 60.
59
What is the remainder when 192 is divided by 44?
16
Calculate the remainder when 220 is divided by 77.
66
Calculate the remainder when 1399 is divided by 278.
9
Calculate the remainder when 113 is divided by 41.
31
What is the remainder when 43 is divided by 23?
20
Calculate the remainder when 1511 is divided by 63.
62
Calculate the remainder when 254 is divided by 53.
42
Calculate the remainder when 227 is divided by 121.
106
Calculate the remainder when 189 is divided by 185.
4
What is the remainder when 441 is divided by 13?
12
Calculate the remainder when 67 is divided by 39.
28
Calculate the remainder when 295 is divided by 60.
55
Calculate the remainder when 3937 is divided by 4.
1
Calculate the remainder when 480 is divided by 159.
3
Calculate the remainder when 346 is divided by 27.
22
Calculate the remainder when 12398 is divided by 100.
98
What is the remainder when 903 is divided by 25?
3
What is the remainder when 8 is divided by 1?
0
Calculate the remainder when 115 is divided by 29.
28
Calculate the remainder when 216 is divided by 66.
18
Calculate the remainder when 216 is divided by 127.
89
What is the remainder when 38 is divided by 30?
8
What is the remainder when 460 is divided by 149?
13
Calculate the remainder when 542 is divided by 91.
87
Calculate the remainder when 124 is divided by 47.
30
Calculate the remainder when 193 is divided by 66.
61
Calculate the remainder when 214 is divided by 52.
6
What is the remainder when 940 is divided by 306?
22
What is the remainder when 702 is divided by 44?
42
What is the remainder when 318 is divided by 23?
19
What is the remainder when 132 is divided by 43?
3
What is the remainder when 556 is divided by 10?
6
What is the remainder when 84 is divided by 11?
7
What is the remainder when 2101 is divided by 180?
121
What is the remainder when 217 is divided by 144?
73
Calculate the remainder when 202 is divided by 4.
2
What is the remainder when 186 is divided by 82?
22
Calculate the remainder when 501 is divided by 42.
39
What is the remainder when 35699 is divided by 300?
299
Calculate the remainder when 89 is divided by 19.
13
What is the remainder when 15 is divided by 8?
7
Calculate the remainder when 9610 is divided by 7.
6
Calculate the remainder when 5130 is divided by 46.
24
What is the remainder when 32 is divided by 12?
8
Calculate the remainder when 435 is divided by 403.
32
Calculate the remainder when 3484 is divided by 31.
12
What is the remainder when 418 is divided by 70?
68
Calculate the remainder when 6229 is divided by 5.
4
Calculate the remainder when 354 is divided by 52.
42
What is the remainder when 223 is divided by 32?
31
What is the remainder when 220 is divided by 65?
25
What is the remainder when 863 is divided by 704?
159
What is the remainder when 16 is divided by 12?
4
What is the remainder when 3462 is divided by 21?
18
What is the remainder when 1977 is divided by 86?
85
What is the remainder when 359 is divided by 17?
2
What is the remainder when 174 is divided by 10?
4
Calculate the remainder when 369 is divided by 20.
9
Calculate the remainder when 38 is divided by 29.
9
Calculate the remainder when 433 is divided by 6.
1
Calculate the remainder when 180 is divided by 46.
42
Calculate the remainder when 3562 is divided by 27.
25
Calculate the remainder when 1978 is divided by 15.
13
Calculate the remainder when 145 is divided by 54.
37
Calculate the remainder when 396 is divided by 119.
39
Calculate the remainder when 1843 is divided by 221.
75
Calculate the remainder when 3233 is divided by 6.
5
Calculate the remainder when 131 is divided by 56.
19
Calculate the remainder when 199 is divided by 50.
49
What is the remainder when 1220 is divided by 24?
20
What is the remainder when 1014 is divided by 25?
14
What is the remainder when 4553 is divided by 147?
143
What is the remainder when 479 is divided by 10?
9
Calculate the remainder when 1540 is divided by 81.
1
What is the remainder when 1058 is divided by 59?
55
Calculate the remainder when 152 is divided by 13.
9
What is the remainder when 5392 is divided by 1343?
20
What is the remainder when 13799 is divided by 92?
91
Calculate the remainder when 1182 is divided by 563.
56
What is the remainder when 2774 is divided by 894?
92
What is the remainder when 6558 is divided by 10?
8
What is the remainder when 229 is divided by 23?
22
What is the remainder when 207 is divided by 131?
76
Calculate the remainder when 625 is divided by 57.
55
What is the remainder when 50 is divided by 38?
12
What is the remainder when 468 is divided by 22?
6
What is the remainder when 124 is divided by 21?
19
What is the remainder when 335 is divided by 21?
20
Calculate the remainder when 940 is divided by 16.
12
What is the remainder when 181 is divided by 16?
5
What is the remainder when 5163 is divided by 110?
103
Calculate the remainder when